1.
-2
Calculate 7 - 15 - (-8 + 4).
-4
Calculate 80 - 77 - (-4 + -9) - (0 + -2).
18
What is the value of -11 - (-33 + 21 + 16)?
-15
Calculate 9 - (6 + -34 + 10).
27
Calculate (10 - 26) + 27 + -42 + -10.
-41
What is the value of -34 + -2 - (-510 - -491)?
-17
What is 12 + -5 + -17 - (-4 + -11)?
5
Calculate (5 - 2 - -3) + -13 + 20 + -3.
10
(-42 - (-30 - -8)) + (7 - 0)
-13
Calculate (-4 - -1) + 6 + 24 + -18.
9
What is the value of 2 + 0 + 234 + -228 + -1 + 1?
8
What is -15 - (8 - 2 - ((-1 - 5) + 14))?
-13
Evaluate 20 + -27 + 52 + -56.
-11
What is -8 + (5 - (7 + (6 - 16))) - -1?
1
What is the value of -7 + (-16 - -9 - 8 - (-5 + -2))?
-15
What is -761 + 762 + (-20 - -1)?
-18
What is the value of -12 - (-8 - 11) - 19?
-12
(-3 - -9) + 0 - ((-5 - -4) + 7)
0
Evaluate (-3 - -6) + -6 - (-40 + 32 + -16).
21
What is the value of 0 - -8 - (-11 + 10 - (13 - 9))?
13
12 + 15 - (-3 + 25)
5
(-11 - 9) + 7 - -9
-4
-11 - -10 - (-24 - -18)
5
Calculate -5 + 13 + -24 - -5.
-11
Calculate (1 - 21) + 11 + 4 - (23 - 2).
-26
Calculate 6 + 24 + -17 + -50 + 1.
-36
What is the value of (5 - -7) + -9 + -5?
-2
Calculate -42 + 46 + (0 - -4).
8
Evaluate 8 - (0 + 40 - (37 + -27)).
-22
Evaluate -12 - (-5 + 10 - (-13 - -4) - 9).
-17
What is 5 + -1 + (-4 - 5)?
-5
What is the value of (-14 - (3 - 8)) + 0 + 12 + -7?
-4
393 + -388 + -2 + -1 + -23
-21
What is -17 + (1 - -5 - (147 + -155))?
-3
What is 3 - (-9 + 15 + -1 + 4)?
-6
-2 + 21 + (2 - 13)
8
Calculate -45 - (-42 + 7 + -11).
1
Calculate 47 + -36 - (0 + -3 + 3).
11
What is the value of (70 - 86) + 11 + 1 + 0 + -1?
-5
Calculate 9 - (-197 + 186 - (3 + (0 - -1))).
24
Evaluate -5 + (-11 - -13 - -10).
7
-15 - (8 + -32) - (-2 - -8) - 12
-9
What is (54 - 70) + -4 + 38?
18
Calculate -2 + (2 - -6) + 1 - 11.
-4
Evaluate (-24 - -74) + -53 - (1 - 16).
12
What is the value of 13 + -19 + 44 - (3 + 4)?
31
Calculate 11 + (-22 - -32 - (41 + (-1 - 0))).
-19
What is the value of 7 + -4 - (-14 + 13 + 8)?
-4
What is the value of (0 - (16 - 28)) + -1 + -12?
-1
What is 0 + (2 - -7) + -828 + 828 - 0?
9
Evaluate -2 - (-32 - -3) - (-1 + 16 - 7).
19
What is 5 - (13 + -7) - -10?
9
What is (5 + -3 - -3) + -16 + 22 + -16?
-5
What is 1 + (1 - -1 - 1) + 9?
11
What is the value of 73 - 65 - (14 - 1)?
-5
What is -12 + 12 + (-4 - (8 + -2 + -3))?
-7
Calculate -19 + 12 - 5 - -23.
11
What is -13 - ((-6 - (-32 - -12)) + 8)?
-35
What is the value of -1 - 19 - (-45 - -128 - 75)?
-28
-10 - (1 - (15 + (-14 - -8)))
-2
(-37 - 2 - -6) + 73
40
What is 21 + -34 + 5 + 1 + -3?
-10
What is -2 - (-7 - (-1 + -13))?
-9
-20 - (6 - 58 - -11)
21
Evaluate -5 + 9 + -19 + 8 + 5.
-2
Calculate 9 + (9 + -3 - (-1 - -7)) + -5.
4
What is the value of (-34 - (-40 - -18)) + (-1 + 2 - -4)?
-7
Calculate (12 - (-5 + (-4 - (-3 - 6)))) + -12.
0
Calculate (48 - 17) + -15 + -6.
10
Calculate (-7 - (-6 + -1 + 14)) + 4.
-10
What is the value of 14 - 1 - (6 - (32 - 39))?
0
What is (6 - 3) + -13 + 23 + -2 - 1?
10
Evaluate -4 + (9 - 3) + 0 + 1 + -26.
-23
What is the value of 8 - 2 - -5 - (-19 + 12)?
18
What is 7 + (4 + (4 - 11) - (-4 - -2))?
6
What is -7 + 206 + -185 + 7 + 0 + 0?
21
What is the value of 14 - -2 - (4 - (-11 - (-13 - -2)))?
12
What is 0 + (6 - -4) + 3 + 3?
16
What is the value of 9 + 1 + 0 + (-7 - 11)?
-8
Evaluate 1 + 0 + 45 + -39 - (-4 - -11).
0
(-1 - 5 - (4 + -28)) + -3
15
34 + -12 + 9 + 5 + -6
30
3 + 7 - 13 - (3 + -1) - 20
-25
Calculate -5 - -1 - (-18 - (1 + -13)).
2
What is the value of 5 - -2 - (1 + 2 + -10)?
14
What is -1 - (-5 - -8) - -17?
13
Calculate 7 + (13 - (-9 - -41)) - 6.
-18
What is (-585 - -516) + (43 - -2)?
-24
What is (-1 - 2) + -1 + (-381 - -386)?
1
-3 - -1 - -4 - (-3 + -13 + 3)
15
Evaluate (-2 - 8 - -4) + (14 - (-3 + -1)).
12
Evaluate (23 - -3) + (-6 - -10 - 8 - 2).
20
What is -19 + (-21 + 17 - -11)?
-12
Evaluate (291 - 313) + 1 + 8 - -45.
32
Evaluate -7 + (11 - (2 - -9) - -24) + 11.
28
Evaluate -34 + 19 + -12 - -12.
-15
Calculate -2 - 1 - (9 + -14 - 1).
3
Calculate 45 - (42 - (36 - 9)).
30
Calculate (16 - 34) + -9 + 49.
22
What is 15 - (8 + 1 + -35 + 34) - 29?
-22
Evaluate (-4 - -9) + (11 + -8 - (-5 + 1)).
12
Calculate 5 + (18 - 13) - -3.
13
Evaluate 13 + (-17 - (-12 + -5)).
13
Calculate 0 - ((5 - 14) + -8).
17
What is the value of -34 + -11 - -83 - 15?
23
What is 6 - (10 + -10 + 12 + -2 + -1)?
-3
Calculate -3 + -1 + -3 + (218 - 215).
-4
What is the value of 5 + (10 - (33 + -10))?
-8
What is -8 + (-13 - 0 - -6) + 10?
-5
13 - (-9 + 9 + -10 + (1 - -1))
21
What is the value of (-1 - 1) + 125 + -105 + 1 + 6?
25
What is the value of -80 + 68 - (-43 + 3)?
28
What is 2 + (-8 - -2 - 2) - -4?
-2
0 + (-2 - 7) + -3 + 5
-7
8 + -1 - (49 - 56 - -51)
-37
Calculate 33 + -17 - 15 - -7.
8
Calculate -2 + -7 + -3 + (5 + 1 - -4).
-2
What is 25 - 4 - (6 + -2 - (-28 - -27))?
16
What is the value of -12 + (0 - (-32 + 22))?
-2
-2 - -6 - 1 - -3 - (-84 + 77)
13
What is the value of -1 + 2 - (-16 + (31 - 7))?
-7
-21 + 12 + 11 - (-2 + 6) - 1
-3
What is the value of -29 - -5 - -29 - 19?
-14
What is (-11 - 3) + (111 - 107)?
-10
Calculate (21 - 20) + (0 - (-10 - (2 + 2))).
15
Evaluate -7 - (-12 + 2 + 9 - -9) - 5.
-20
Calculate -9 - (6 - (7 + -1 + -4)).
-13
Evaluate 0 - (-1 + -21 + 10 + 22).
-10
Calculate -9 + -18 + 25 + -1.
-3
What is -116 + (58 - -55) - (-5 - (-1 + 0))?
1
What is (4 - 11) + -3 + (3 - (-9 + 20))?
-18
What is (19 + 4 - 31) + 7 + 1 + 0?
0
Calculate 146 + -130 - (0 - -19).
-3
Evaluate (-37 - -37) + (0 - 3) + 9 + 9.
15
3 + (6 - 10) - 7
-8
Calculate 17 - (-7 + 3 + 8 + 5) - -15.
23
Calculate (15 - 17 - 6) + (1 - 3).
-10
Evaluate -3 + -5 + 29 + -6 + (8 - 9).
14
What is (5 - (4 + 14)) + 5 - 0?
-8
What is the value of -4 + -16 + (-14 - (-10 - 1))?
-23
What is (-6 + 9 - 10) + -5?
-12
Evaluate 7 + 5 + -1 + -3.
8
Calculate (5 - (9 + -2)) + 28 + -20 - 5.
1
What is 36 - (-19 + 30 + 19)?
6
What is the value of (3 - 2) + (8 - 0) - (-9 - -8)?
10
Calculate -7 - ((0 - (-8 + -5 + 7)) + -5).
-8
What is (-16 - -30) + 0 - -1?
15
Calculate 8 + (-18 - 0) - (2 - -1) - 0.
-13
Calculate 17 - (2 - (-19 + 7)) - 21.
-18
Evaluate 34 - 19 - (14 + 4).
-3
Evaluate 31 + (-27 + 11 - 35).
-20
What is 0 + 2 - (-113 + 121 + (-8 - 1))?
3
3 + -14 + -2 + 14 + -1 + -5
-5
What is (-9 - -39) + -1 + (-5 - 7 - -6)?
23
Evaluate -11 - (-15 + -1 + 1).
4
What is 4 - (114 - 88 - (9 + 1))?
-12
What is the value of -17 + (53 - 61) + (1 - -1)?
-23
Calculate 73 + -80 - (1 + 2) - -4.
-6
What is 4 + 0 - ((-3 - (-10 - -6)) + -18)?
21
What is (-22 - -13) + (-4 + 3 - -2 - 1)?
-9
What is 2 - (2 - (-10 + -2 + -1 + 6))?
-7
Evaluate 9 + 16 + -20 + 8.
13
Evaluate -23 + 39 - (1 + 5).
10
Evaluate 3 + 12 + -8 + -25 + -1 + 7.
-12
3 + -24 + 11 - -17 - 20
-13
Evaluate 0 + -19 - -9 - (2 + 7 + -2).
-17
What is -230 + 243 - (3 + (14 - -3))?
-7
Evaluate -171 + 160 + -10 + 1 + 2 + -2.
-20
What is the value of -33 + -8 - -37 - (-1 + 1 - 2)?
-2
Calculate 21 - (3 + (-5 + -4 - -1) + 7).
19
Evaluate 23 + -43 + (-4 + 1 - -1).
-22
Calculate 10 - ((22 - (6 + 11)) + 6 + -2).
1
What is -2 + 5 + 1 + -7?
-3
Calculate 17 + 14 + (4 - (11 + 6 - 8)).
26
5 + (-4 - 2) + 6 - 7
-2
What is the value of 30 + -34 - (22 + 7 + 5 + -8)?
-30
What is the value of (8 - 10) + 2 + -19 + 0?
-19
-13 + -2 + -2 + 8 + 28 + -25
-6
Evaluate -10 - -40 - 16 - 25.
-11
Evaluate -27 + (2 - (-35 + 14)).
-4
Calculate (4 - 1) + (0 - -6) + -2.
7
What is the value of (29 - 25) + -3 + -5?
-4
What is the value of 248 - 217 - (-2 - -12)?
21
What is (-3 - (4 + 0)) + (-7 + 3 - 4)?
-15
What is 3 + 9 - (14 - -1)?
-3
What is (7 + 8 - 38) + 37?
14
What is 2 + -3 + -2 - ((-17 - -4) + -10)?
20
Evaluate -3 + 9 + -19 - 4.
-17
Evaluate (29 - (-1 - -15)) + -6.
9
(1 - -7) + 4 + 0 - -1
13
Calculate 17 - (39 - 26 - (0 - -5)).
9
-20 + 7 + -2 - -1
-14
Evaluate 151 - 136 - (0 + 5).
10
What is -20 + 16 + 3 + 7 + 8?
14
(2 - (5 - (5 + -2) - 5)) + 2
7
What is (5 - 18) + 3 - (1 + -7)?
-4
Calculate -15 + -2 + 2 - (-223 + 196).
12
Evaluate 5 - 5 - (4 + (-7 - 2)).
5
What is 122 + -118 - (-13 - -2 - -3)?
12
(4 - (9 - -2)) + 15
8
Calculate 13 + 12 + 26 + -48.
3
What is the value of (23 - 11) + -10 - -13?
15
(31 + -13 - 25) + 7 + -8
-8
-2 + 12 + 168 + -172 + (5 - 0)
11
Calculate (2 + 3 + 9 - (-1 - -8)) + -9.
-2
1 - 77 - (-1 + -38)
-37
What is the value of -9 + (-2 - (10 + -11))?
-10
Calculate 2 - (-12 + -4 + 3 + 7 + -2).
10
What is (28 - 20 - 1